{"id":105,"date":"2011-12-19T18:01:56","date_gmt":"2011-12-19T17:01:56","guid":{"rendered":"http:\/\/www.postmortal.de\/blog\/?page_id=105"},"modified":"2015-01-04T06:24:13","modified_gmt":"2015-01-04T05:24:13","slug":"umfrage","status":"publish","type":"page","link":"http:\/\/www.postmortal.de\/blog\/umfrage\/","title":{"rendered":"Urne zu Hause aufbewahren?"},"content":{"rendered":"<p><strong>Ihre Meinungen zum Friedhofszwang f\u00fcr Totenaschen&#8230;<\/strong><br \/>\nWenn Sie mit der Problematik noch nicht vertraut sind, k\u00f6nnen Sie zun\u00e4chst <a href=\"http:\/\/www.postmortal.de\/blog\">hier im Blog<\/a> umsehen oder im <a href=\"http:\/\/www.postmortal.de\/Index2\/index2.html\">Archiv<\/a> zu diesem Thema nachlesen.<\/p>\n<div id=\"polls-2\" class=\"wp-polls\">\n\t<form id=\"polls_form_2\" class=\"wp-polls-form\" action=\"\/blog\/index.php\" method=\"post\">\n\t\t<p style=\"display: none;\"><input type=\"hidden\" id=\"poll_2_nonce\" name=\"wp-polls-nonce\" value=\"31ad1683a5\" \/><\/p>\n\t\t<p style=\"display: none;\"><input type=\"hidden\" name=\"poll_id\" value=\"2\" \/><\/p>\n\t\t<p style=\"text-align: center;\"><strong>Soll der Friedhofszwang f\u00fcr Totenaschen in Deutschland abgeschafft werden?<\/strong><\/p>\r\n<div id=\"polls-2-ans\" class=\"wp-polls-ans\">\r\n<ul class=\"wp-polls-ul\">\n\t\t<li><input type=\"radio\" id=\"poll-answer-6\" name=\"poll_2\" value=\"6\" \/> <label for=\"poll-answer-6\">Nein: Der Friedhofszwang ist erforderlich und mu\u00df beibehalten werden.<\/label><\/li>\n\t\t<li><input type=\"radio\" id=\"poll-answer-7\" name=\"poll_2\" value=\"7\" \/> <label for=\"poll-answer-7\">Nein: Die Aufbewahrung der Aschen im Privatbereich dient allein dem Zweck, Friedhofsgeb\u00fchren zu sparen.<\/label><\/li>\n\t\t<li><input type=\"radio\" id=\"poll-answer-8\" name=\"poll_2\" value=\"8\" \/> <label for=\"poll-answer-8\">Nein: Die Gefahr der mi\u00dfbr\u00e4uchlichen \"Entsorgung\" der Aschen ist zu gro\u00df.<\/label><\/li>\n\t\t<li><input type=\"radio\" id=\"poll-answer-9\" name=\"poll_2\" value=\"9\" \/> <label for=\"poll-answer-9\">Nein: Die Aufbewahrung von Totenaschen im Privatbereich kann den Mitmenschen nicht zugemutet werden.<\/label><\/li>\n\t\t<li><input type=\"radio\" id=\"poll-answer-10\" name=\"poll_2\" value=\"10\" \/> <label for=\"poll-answer-10\">Ja: Die Aufbewahrung der Aschen im Privatbereich hilft bei der Trauerbew\u00e4ltigung.<\/label><\/li>\n\t\t<li><input type=\"radio\" id=\"poll-answer-11\" name=\"poll_2\" value=\"11\" \/> <label for=\"poll-answer-11\">Ja: Der Friedhofszwang f\u00fcr Totenaschen ist rational nicht zu begr\u00fcnden und zudem dissozial.<\/label><\/li>\n\t\t<li><input type=\"radio\" id=\"poll-answer-12\" name=\"poll_2\" value=\"12\" \/> <label for=\"poll-answer-12\">Ja: Denn viele Angeh\u00f6rige k\u00f6nnen aus vielen Gr\u00fcnden den Ort der Trauer auf einem Friedhof nicht mehr besuchen.<\/label><\/li>\n\t\t<li><input type=\"radio\" id=\"poll-answer-13\" name=\"poll_2\" value=\"13\" \/> <label for=\"poll-answer-13\">Ja: Die alternativen W\u00fcnsche der Verstorbenen und ihrer trauernden Angeh\u00f6rigen kann der Staat nicht ohne zwingende Gr\u00fcnde ignorieren.<\/label><\/li>\n\t\t<li><input type=\"radio\" id=\"poll-answer-14\" name=\"poll_2\" value=\"14\" \/> <label for=\"poll-answer-14\">Ja: Meine Asche soll sp\u00e4ter zwar auf den Friedhof - aber es m\u00fc\u00dften auch alternative Entscheidungen m\u00f6glich sein.<\/label><\/li>\n\t\t<li><input type=\"radio\" id=\"poll-answer-15\" name=\"poll_2\" value=\"15\" \/> <label for=\"poll-answer-15\">Ich bin unsicher, wie ich bei diesem sensiblen Thema abstimmen soll.<\/label><\/li>\n\t\t<\/ul><p style=\"text-align: center;\"><input type=\"button\" name=\"vote\" value=\"   Jetzt abstimmen!   \" class=\"Buttons\" onclick=\"poll_vote(2);\" \/><\/p><p style=\"text-align: center;\"><a href=\"#ViewPollResults\" onclick=\"poll_result(2); return false;\" title=\"View Results Of This Poll\">Ergebnisse ansehen<\/a><\/p><\/div>\n\t<\/form>\n<\/div>\n<div id=\"polls-2-loading\" class=\"wp-polls-loading\"><img loading=\"lazy\" decoding=\"async\" src=\"http:\/\/www.postmortal.de\/blog\/wp-content\/plugins\/wp-polls\/images\/loading.gif\" width=\"16\" height=\"16\" alt=\"Wird geladen ...\" title=\"Wird geladen ...\" class=\"wp-polls-image\" \/>&nbsp;Wird geladen ...<\/div>\n\n<p>In Kenntnis der bemerkenswerten Ergebnisse dieser Umfrage &#8211; und den verbreiteten W\u00fcnschen der Bestatterkunden &#8211; hat sich der dubiose D\u00fcsseldorfer <a href=\"http:\/\/www.bestatter.de\/\" rel=\"nofollow\">Bundesverband Deutscher Bestatter<\/a> (BDB) im August 2002 in einer offiziellen Erkl\u00e4rung gegen die vom NRW-Parlament geplante Aufhebung des Friedhofszwangs ausgesprochen. Die Funktion\u00e4re dieses Interessenverbandes w\u00fcnschen tats\u00e4chlich die weitere piet\u00e4tlose Vergewaltigung des letzten Willens vieler Verstorbener und der verbreiteten Bed\u00fcrfnisse ihrer trauernden Hinterbliebenen. Vor diesem Hintergrund kann postmortal.de\u00a0 Mitgliedsbetriebe dieses kundenfeindlichen Bestatterverbandes nur\u00a0 h\u00f6chst eingeschr\u00e4nkt empfehlen.<\/p>\n<p>Auch die Landtagsfraktion der GR\u00dcNEN in NRW hat die fragw\u00fcrdige Ideologie der D\u00fcsseldorfer Bestatterfunktion\u00e4re \u00fcbernommen und sich als Mitglied der Regierungskoalition der Zustimmung einer Liberalisierung des Friedhofszwangs verweigert. Eine etablierte Partei, die einst die Parlamente eroberte um dort die \u201cverantwortliche Selbstbestimmung der B\u00fcrger zu st\u00e4rken\u201d.<br \/>\nNicht entt\u00e4uschen kann allein die Position der CDU zur geplanten Liberalisierung des Friedhofszwangs: Bei dieser Partei wei\u00df ja ohnehin jeder gebildete B\u00fcrger, wie sie ethisch und politisch zu bewerten ist. Sie machte sich &#8211; wie zu erwarten &#8211; die unzumutbare und tumbe Demagogie von Funktion\u00e4ren der beiden \u201cchristlichen\u201d Amtskirchen zu eigen und zelebrierte in der Auseinandersetzung einen schamlosen Kulturkampf auf unterstem Niveau.<\/p>\n<p><a href=\"http:\/\/www.postmortal.de\/Bestattung-Beisetzung\/Alternativen\/Umfrage-FZ\/FzKommentare-2002-1\/fzkommentare-2002-1.html\">Kommentare im Jahr 2002<\/a>\u00a0\u00a0\u00a0\u00a0 &#8211;\u00a0\u00a0\u00a0\u00a0 <a href=\"http:\/\/www.postmortal.de\/Bestattung-Beisetzung\/Alternativen\/Umfrage-FZ\/FzKommentare-2001\/fzkommentare-2001.html\">Kommentare im Jahr 2001<\/a><\/p>\n<p><strong>F\u00fcr einen alternativen Umgang mit Tod und Trauer, f\u00fcr eine ethisch hochwertige Bestattungskultur, bleibt f\u00fcr die B\u00fcrger in der Bundesrepublik Deutschland rechtlich kein Raum.<\/strong><br \/>\nDie zust\u00e4ndigen Gesetzgeber in den Bundesl\u00e4ndern ziehen es auch heute noch vor, sich nicht prim\u00e4r an den W\u00fcnschen ihrer B\u00fcrger oder den liberalen Vorbildern in Europa zu orientieren, sondern an dem Feuerbestattungsgesetz der verbrecherischen Naziregierung von 1934. Die herrschenden Gesetzgeber des III. Reiches &#8211; und ihre willigen Helfershelfer &#8211; hatten\u00a0 bekanntlich eine besondere Ambivalenz zu Totenaschen: Millionen durch sie ermordete Menschen wurden in ihren Krematorien in historisch einmaliger Dimension und mit industrietechnischer Perfektion verbrannt. Bei ihrem menscherverachtenden\u00a0 Umgang mit den Aschen der von ihnen unschuldig Ermordeten ignorierten die staatlichen NS-Verbrecher selbst ihr eigenes Feuerbestattungsgesetz&#8230;<\/p>\n","protected":false},"excerpt":{"rendered":"<p>Ihre Meinungen zum Friedhofszwang f\u00fcr Totenaschen&#8230; Wenn Sie mit der Problematik noch nicht vertraut sind, k\u00f6nnen Sie zun\u00e4chst hier im Blog umsehen oder im Archiv zu diesem Thema nachlesen. In Kenntnis der bemerkenswerten Ergebnisse dieser Umfrage &#8211; und den verbreiteten W\u00fcnschen der Bestatterkunden &#8211; hat sich der dubiose D\u00fcsseldorfer Bundesverband Deutscher Bestatter (BDB) im August &hellip; <a href=\"http:\/\/www.postmortal.de\/blog\/umfrage\/\" class=\"more-link\"><span class=\"screen-reader-text\">Urne zu Hause aufbewahren?<\/span> weiterlesen <span class=\"meta-nav\">&rarr;<\/span><\/a><\/p>\n","protected":false},"author":1,"featured_media":0,"parent":0,"menu_order":0,"comment_status":"open","ping_status":"open","template":"","meta":{"footnotes":""},"class_list":["post-105","page","type-page","status-publish","hentry"],"_links":{"self":[{"href":"http:\/\/www.postmortal.de\/blog\/wp-json\/wp\/v2\/pages\/105","targetHints":{"allow":["GET"]}}],"collection":[{"href":"http:\/\/www.postmortal.de\/blog\/wp-json\/wp\/v2\/pages"}],"about":[{"href":"http:\/\/www.postmortal.de\/blog\/wp-json\/wp\/v2\/types\/page"}],"author":[{"embeddable":true,"href":"http:\/\/www.postmortal.de\/blog\/wp-json\/wp\/v2\/users\/1"}],"replies":[{"embeddable":true,"href":"http:\/\/www.postmortal.de\/blog\/wp-json\/wp\/v2\/comments?post=105"}],"version-history":[{"count":19,"href":"http:\/\/www.postmortal.de\/blog\/wp-json\/wp\/v2\/pages\/105\/revisions"}],"predecessor-version":[{"id":687,"href":"http:\/\/www.postmortal.de\/blog\/wp-json\/wp\/v2\/pages\/105\/revisions\/687"}],"wp:attachment":[{"href":"http:\/\/www.postmortal.de\/blog\/wp-json\/wp\/v2\/media?parent=105"}],"curies":[{"name":"wp","href":"https:\/\/api.w.org\/{rel}","templated":true}]}}

<p><strong>Ihre Meinungen zum Friedhofszwang für Totenaschen&#8230;</strong><br />
Wenn Sie mit der Problematik noch nicht vertraut sind, können Sie zunächst <a href="http://www.postmortal.de/blog">hier im Blog</a> umsehen oder im <a href="http://www.postmortal.de/Index2/index2.html">Archiv</a> zu diesem Thema nachlesen.</p>
<div id="polls-2" class="wp-polls">
	<form id="polls_form_2" class="wp-polls-form" action="/blog/index.php" method="post">
		<p style="display: none;"><input type="hidden" id="poll_2_nonce" name="wp-polls-nonce" value="31ad1683a5" /></p>
		<p style="display: none;"><input type="hidden" name="poll_id" value="2" /></p>
		<p style="text-align: center;"><strong>Soll der Friedhofszwang für Totenaschen in Deutschland abgeschafft werden?</strong></p>
<div id="polls-2-ans" class="wp-polls-ans">
<ul class="wp-polls-ul">
		<li><input type="radio" id="poll-answer-6" name="poll_2" value="6" /> <label for="poll-answer-6">Nein: Der Friedhofszwang ist erforderlich und muß beibehalten werden.</label></li>
		<li><input type="radio" id="poll-answer-7" name="poll_2" value="7" /> <label for="poll-answer-7">Nein: Die Aufbewahrung der Aschen im Privatbereich dient allein dem Zweck, Friedhofsgebühren zu sparen.</label></li>
		<li><input type="radio" id="poll-answer-8" name="poll_2" value="8" /> <label for="poll-answer-8">Nein: Die Gefahr der mißbräuchlichen "Entsorgung" der Aschen ist zu groß.</label></li>
		<li><input type="radio" id="poll-answer-9" name="poll_2" value="9" /> <label for="poll-answer-9">Nein: Die Aufbewahrung von Totenaschen im Privatbereich kann den Mitmenschen nicht zugemutet werden.</label></li>
		<li><input type="radio" id="poll-answer-10" name="poll_2" value="10" /> <label for="poll-answer-10">Ja: Die Aufbewahrung der Aschen im Privatbereich hilft bei der Trauerbewältigung.</label></li>
		<li><input type="radio" id="poll-answer-11" name="poll_2" value="11" /> <label for="poll-answer-11">Ja: Der Friedhofszwang für Totenaschen ist rational nicht zu begründen und zudem dissozial.</label></li>
		<li><input type="radio" id="poll-answer-12" name="poll_2" value="12" /> <label for="poll-answer-12">Ja: Denn viele Angehörige können aus vielen Gründen den Ort der Trauer auf einem Friedhof nicht mehr besuchen.</label></li>
		<li><input type="radio" id="poll-answer-13" name="poll_2" value="13" /> <label for="poll-answer-13">Ja: Die alternativen Wünsche der Verstorbenen und ihrer trauernden Angehörigen kann der Staat nicht ohne zwingende Gründe ignorieren.</label></li>
		<li><input type="radio" id="poll-answer-14" name="poll_2" value="14" /> <label for="poll-answer-14">Ja: Meine Asche soll später zwar auf den Friedhof - aber es müßten auch alternative Entscheidungen möglich sein.</label></li>
		<li><input type="radio" id="poll-answer-15" name="poll_2" value="15" /> <label for="poll-answer-15">Ich bin unsicher, wie ich bei diesem sensiblen Thema abstimmen soll.</label></li>
		</ul><p style="text-align: center;"><input type="button" name="vote" value="   Jetzt abstimmen!   " class="Buttons" onclick="poll_vote(2);" /></p><p style="text-align: center;"><a href="#ViewPollResults" onclick="poll_result(2); return false;" title="View Results Of This Poll">Ergebnisse ansehen</a></p></div>
	</form>
</div>
<div id="polls-2-loading" class="wp-polls-loading"><img loading="lazy" decoding="async" src="http://www.postmortal.de/blog/wp-content/plugins/wp-polls/images/loading.gif" width="16" height="16" alt="Wird geladen ..." title="Wird geladen ..." class="wp-polls-image" />&nbsp;Wird geladen ...</div>

<p>In Kenntnis der bemerkenswerten Ergebnisse dieser Umfrage &#8211; und den verbreiteten Wünschen der Bestatterkunden &#8211; hat sich der dubiose Düsseldorfer <a href="http://www.bestatter.de/" rel="nofollow">Bundesverband Deutscher Bestatter</a> (BDB) im August 2002 in einer offiziellen Erklärung gegen die vom NRW-Parlament geplante Aufhebung des Friedhofszwangs ausgesprochen. Die Funktionäre dieses Interessenverbandes wünschen tatsächlich die weitere pietätlose Vergewaltigung des letzten Willens vieler Verstorbener und der verbreiteten Bedürfnisse ihrer trauernden Hinterbliebenen. Vor diesem Hintergrund kann postmortal.de  Mitgliedsbetriebe dieses kundenfeindlichen Bestatterverbandes nur  höchst eingeschränkt empfehlen.</p>
<p>Auch die Landtagsfraktion der GRÜNEN in NRW hat die fragwürdige Ideologie der Düsseldorfer Bestatterfunktionäre übernommen und sich als Mitglied der Regierungskoalition der Zustimmung einer Liberalisierung des Friedhofszwangs verweigert. Eine etablierte Partei, die einst die Parlamente eroberte um dort die “verantwortliche Selbstbestimmung der Bürger zu stärken”.<br />
Nicht enttäuschen kann allein die Position der CDU zur geplanten Liberalisierung des Friedhofszwangs: Bei dieser Partei weiß ja ohnehin jeder gebildete Bürger, wie sie ethisch und politisch zu bewerten ist. Sie machte sich &#8211; wie zu erwarten &#8211; die unzumutbare und tumbe Demagogie von Funktionären der beiden “christlichen” Amtskirchen zu eigen und zelebrierte in der Auseinandersetzung einen schamlosen Kulturkampf auf unterstem Niveau.</p>
<p><a href="http://www.postmortal.de/Bestattung-Beisetzung/Alternativen/Umfrage-FZ/FzKommentare-2002-1/fzkommentare-2002-1.html">Kommentare im Jahr 2002</a>     &#8211;     <a href="http://www.postmortal.de/Bestattung-Beisetzung/Alternativen/Umfrage-FZ/FzKommentare-2001/fzkommentare-2001.html">Kommentare im Jahr 2001</a></p>
<p><strong>Für einen alternativen Umgang mit Tod und Trauer, für eine ethisch hochwertige Bestattungskultur, bleibt für die Bürger in der Bundesrepublik Deutschland rechtlich kein Raum.</strong><br />
Die zuständigen Gesetzgeber in den Bundesländern ziehen es auch heute noch vor, sich nicht primär an den Wünschen ihrer Bürger oder den liberalen Vorbildern in Europa zu orientieren, sondern an dem Feuerbestattungsgesetz der verbrecherischen Naziregierung von 1934. Die herrschenden Gesetzgeber des III. Reiches &#8211; und ihre willigen Helfershelfer &#8211; hatten  bekanntlich eine besondere Ambivalenz zu Totenaschen: Millionen durch sie ermordete Menschen wurden in ihren Krematorien in historisch einmaliger Dimension und mit industrietechnischer Perfektion verbrannt. Bei ihrem menscherverachtenden  Umgang mit den Aschen der von ihnen unschuldig Ermordeten ignorierten die staatlichen NS-Verbrecher selbst ihr eigenes Feuerbestattungsgesetz&#8230;</p>

<p>Ihre Meinungen zum Friedhofszwang für Totenaschen&#8230; Wenn Sie mit der Problematik noch nicht vertraut sind, können Sie zunächst hier im Blog umsehen oder im Archiv zu diesem Thema nachlesen. In Kenntnis der bemerkenswerten Ergebnisse dieser Umfrage &#8211; und den verbreiteten Wünschen der Bestatterkunden &#8211; hat sich der dubiose Düsseldorfer Bundesverband Deutscher Bestatter (BDB) im August &hellip; <a href="http://www.postmortal.de/blog/umfrage/" class="more-link"><span class="screen-reader-text">Urne zu Hause aufbewahren?</span> weiterlesen <span class="meta-nav">&rarr;</span></a></p>
